 -4*u = 2*x - 0*u - 60. List the prime factors of x.
2, 17
Let m = 85 - 33. What are the prime factors of m?
2, 13
Let m be 110/(-7) - 6/21. List the prime factors of (-5)/((-60)/m)*-12.
2
Let r(a) = -a**2 + 6*a + 12. Let j be r(9). Let n be (6/(-15))/(1/j). What are the prime factors of 0 + -22*(-3)/n?
11
Let r be (-4)/6*(-114)/(-4). Let y = -3 - r. List the prime factors of y.
2
Let w(l) = -l**2 + 9*l - 10. Let n be w(7). Suppose 0 = -r + 3*x + 4, -19 - 21 = -n*r + 4*x. List the prime factors of r.
13
Let c = -9 + 12. Suppose -69 = -4*d - 3*z, c*d - d + 5*z = 45. What are the prime factors of d?
3, 5
Suppose 44 = 2*l - s - 102, 0 = -5*l + 3*s + 365. List the prime factors of l.
73
Let u(m) = 5*m**2 + 5*m**2 - 3*m - 2 + 5*m**2 - 10*m**2. List the prime factors of u(-3).
2, 13
Let c = 1202 + -855. What are the prime factors of c?
347
Suppose 0 = 7*a - 37 + 2. List the prime factors of a.
5
Let o(k) = 4*k + 3. Suppose 4*v = 4*w + 49 - 17, -15 = 5*w. Suppose 0*g + 1 = 2*s - v*g, 2*s - 4*g = 2. List the prime factors of o(s).
3, 5
Suppose -4*x - 4*t + 7 = -25, -3*t = -2*x + 16. What are the prime factors of x?
2
Let r(w) = -7*w - 1. Let v be -2*(-4 - 15/(-2)). List the prime factors of r(v).
2, 3
Let w = 43 - -40. What are the prime factors of w?
83
Suppose 0*a = a + 13. Let g = 3 - a. What are the prime factors of g?
2
Let r = -47 + 91. What are the prime factors of r?
2, 11
Let c(i) = i**3 + 4*i**2 - 4*i + 1. What are the prime factors of c(-4)?
17
Suppose -a - 11 + 46 = 0. List the prime factors of a.
5, 7
What are the prime factors of ((-3)/4)/(1372/1376 + -1)?
2, 3, 43
Let m be -172 + 1/(-2)*-6. Let f = -119 - m. What are the prime factors of f?
2, 5
Suppose 26 = -4*m - 14. What are the prime factors of ((-6)/m)/((-1)/(-45))?
3
Suppose -8*v - 58 = -330. List the prime factors of v.
2, 17
Let g = 98 - -72. Suppose -g = -5*u - 0*u. Let x = -21 + u. What are the prime factors of x?
13
Let a = -13 - -38. List the prime factors of a.
5
Let f(h) = 60*h**3 + h**2 - 3*h + 2. What are the prime factors of f(1)?
2, 3, 5
Suppose -x - x = -8. Suppose 2*q + 4*k = x*q - 12, 4*q - 5*k = 21. List the prime factors of q.
2
Let y = 13 - 8. Suppose y*s - 6 = -2*v + 25, v + 2 = s. Suppose s*h - 85 = -5*j, -7*h - 16 = -2*j - 3*h. What are the prime factors of j?
2, 7
Let c be (3/(-2))/((-3)/8). Suppose -p = -c*p + 36. What are the prime factors of p?
2, 3
Let j be 0 - (1 - -1)/(-2). Suppose -b + 10 = j. What are the prime factors of b?
3
Suppose 1 = 4*b + 21. Let q = -3 - b. What are the prime factors of q/(-7) + (-111)/(-21)?
5
Let t = 6 + -6. Let n be (t/(-1))/(-1 - -2). Suppose n = b - 4*b + 18. List the prime factors of b.
2, 3
What are the prime factors of (-52)/39 + (2336/(-6))/(-4)?
2, 3
Let o(c) = -2*c - 6. Suppose 5*f + 42 = 17. Let t be o(f). Suppose -i - 3*i - 32 = -4*a, -4 = -t*i. List the prime factors of a.
3
Let g = 89 - 30. Let x = -36 + g. List the prime factors of x.
23
Let n(h) = 5 + 6*h + 2*h - 3*h - 4*h. What are the prime factors of n(9)?
2, 7
Let k(u) = -4*u + 6. Let s(l) = 13*l - 4*l - 2 - 11. Let m(p) = -5*k(p) - 2*s(p). List the prime factors of m(8).
2, 3
Let r(x) = -3*x**2 + 20*x - 18. Let q(z) = -z**2 + 7*z - 6. Let t(u) = -7*q(u) + 2*r(u). List the prime factors of t(9).
2, 3
Let b(s) = 4*s**2 - s**2 - 1 + 5*s - 1 + 12. What are the prime factors of b(-5)?
2, 3, 5
Suppose 35 = 2*z - 5*p - 25, 5*z + 2*p - 150 = 0. What are the prime factors of z?
2, 3, 5
What are the prime factors of (-3)/(3 + (-34)/11)?
3, 11
Suppose 6*p - 2*p = -3*d + 36, -3*p + 5*d - 2 = 0. List the prime factors of p.
2, 3
Let o(m) = m**3 + 7*m**2 - 2*m - 3. Let r be o(-7). Suppose 6*h - r - 7 = 0. What are the prime factors of h?
3
Suppose -67*a + 71*a = 848. List the prime factors of a.
2, 53
List the prime factors of (292/3)/(-3*8/(-36)).
2, 73
Suppose -2*p = -33 - 7. Let v = -10 + p. List the prime factors of v.
2, 5
Suppose 44 = -3*h - 8*w + 3*w, 4*h - w = -74. Let r = h + 25. List the prime factors of r.
7
Suppose -y + 4*y = 3*j - 699, j = -2*y + 218. What are the prime factors of j?
2, 3, 19
Suppose -3*j - 5*y + 29 = 0, 45 = -0*j + 5*j + 5*y. List the prime factors of j.
2
Let c(j) = -j**3 - 3*j**2 + 2*j. Suppose 6*m + 12 = -12. What are the prime factors of c(m)?
2
Let y(p) = -6 + 0 + 0*p - p. Suppose 2*z + 3*d = -9, 5*z - d = z - 39. What are the prime factors of y(z)?
3
Let p(l) = 12*l**2 + l - 8. List the prime factors of p(4).
2, 47
Let x = 10 + -10. Suppose -4*d + x*g - 5*g + 30 = 0, -4*g + 32 = 4*d. What are the prime factors of d?
2, 5
Suppose -4*i = -154 - 46. List the prime factors of i.
2, 5
Let v(s) = -s**3 - s**2 + 4*s. List the prime factors of v(-3).
2, 3
Suppose 2*g - 13 = 1. Let l be (2/(-2))/(-2 - -1). Suppose x - l = g. What are the prime factors of x?
2
Let x be 4/10*(-35)/(-14). What are the prime factors of (-8)/(-5 + x) + 2?
2
Suppose 3*t = 7*t. Suppose 5*c - 40 - 5 = t. List the prime factors of c.
3
Let f = 107 + -39. What are the prime factors of f?
2, 17
Let l be 28/10 + 4/20. Let d(f) = 2*f + 2. List the prime factors of d(l).
2
Suppose 0 = o + i, 3*o - 1 = 3*i + 11. Let t = -9 - -16. Suppose -t = p - o*p. What are the prime factors of p?
7
Suppose 0 = -q + 4*j + 51, 5*j + 78 = -3*q + 316. What are the prime factors of q?
71
Let f = -24 - -58. Suppose -5*l + 16 = -f. Let p = -5 + l. What are the prime factors of p?
5
Suppose 0*z = -5*d - z + 260, 3*z = d - 36. List the prime factors of d.
3, 17
Let i(k) = -10*k**3 - k**2 - k. Let g = -9 + 21. Suppose -5*s = 4*y + 19, -5*s - g = -3*y - 0*s. What are the prime factors of i(y)?
2, 5
Let r(h) = -h**2 + 10*h + 6. Let t(b) = -2*b**2 + 21*b + 13. Let u(f) = 13*r(f) - 6*t(f). What are the prime factors of u(3)?
3
What are the prime factors of (-2)/(45/(-42) - -1)?
2, 7
Let f(y) = 11*y - 2*y**2 + 7 - 1 + 4*y**2. Let l be f(-8). Suppose 0 = -3*x - 4 + l. What are the prime factors of x?
2, 7
Let k(f) = 4*f + 5*f + 4 + 0*f - 1. List the prime factors of k(4).
3, 13
Suppose -2 = 2*p - 4*p. Let s = p - 3. List the prime factors of s - 15/6*-4.
2
Let o(h) = -5*h - 15. What are the prime factors of o(-10)?
5, 7
Let k(u) be the second derivative of u**5/20 + 7*u**4/12 + 5*u**3/6 + 3*u**2/2 - u. Suppose -5*b - 14 = 16. What are the prime factors of k(b)?
3
Suppose 2*f + 26 = 4*h, h - 2 = 2*f - 0*f. List the prime factors of h.
2
Let r = -12 - -26. Suppose 4*i = -3*u + r, 20 = 5*u + 5*i - 0. Suppose 18 - 2 = u*k. List the prime factors of k.
2
What are the prime factors of 34/((-4)/8 + 1)?
2, 17
Let j = -11 - -15. Let k(b) = -5*b + j*b - 2 - 3*b - b. What are the prime factors of k(-4)?
2, 3
Suppose -4*j + 9 = -j. What are the prime factors of (-4)/((-1 + j)*-1)?
2
Let m(w) = w**2 - 2*w - 1. Suppose -5*i + 25 = -0*i. What are the prime factors of m(i)?
2, 7
Suppose -3*a - 4 - 12 = -2*n, 0 = n + a + 2. Let l = 29 - 26. Suppose -l + 11 = n*q. List the prime factors of q.
2
Let z = -95 - -245. List the prime factors of z.
2, 3, 5
Suppose 3*b = 2*v + 77, -4*v + 9 - 1 = 0. List the prime factors of b.
3
Let n be 4/10 - (-52)/20. Suppose 91 = n*o + 1. List the prime factors of o.
2, 3, 5
Let c(r) = -r**2 + 15*r - 9. Let i be c(14). Suppose q + q = -x + 75, 2*x = -i*q + 188. List the prime factors of q.
2, 19
Suppose 2*i = 2*p + 6*i - 44, -5*p = -3*i - 175. What are the prime factors of 0 - (p + -3)*-1?
29
Let c be (-3 + 3)/3 - 0. Suppose c = -4*z - 0*p - p + 18, 0 = 4*z + 3*p - 14. List the prime factors of z.
5
Let d = 5 - 0. Suppose -i + d*m = -46, -3*i + 0*m - m + 58 = 0. Suppose -2*u + 3*q = -27, 0*u - i = -2*u - 3*q. What are the prime factors of u?
2, 3
Suppose 6*g + 2 = 4*g. Let r = 5 + g. Suppose -22 = -r*p + 22. What are the prime factors of p?
11
Suppose 2*m + 4 = -2*b, 3*b + 6 = 5*m + 4*b. Suppose m*y - 2*v - 28 = -v, 2*v - 8 = 0. List the prime factors of y.
2
Let q(g) be the first derivative of -23*g**2 + g + 7. List the prime factors of q(-1).
47
Let a = -10 + 2. Let x = a - -27. List the prime factors of x.
19
Let t = -85 - -97. List the prime factors of t.
2, 3
Let r(k) = 21*k**2 - 4 - 5*k**3 + 7 + k**3 + 13*k + 1. Let t(u) = u**3 - 5*u**2 - 3*u - 1. Let h(s) = -2*r(s) - 9*t(s). List the prime factors of h(2).
7
Let a = 17 - -7. What are the prime factors of a?
2, 3
Let r(v) = 4 - 